ppose 8*g = 13*g + 150. Is (g/(-12))/(2/188) prime?
False
Suppose -40 = 9*i - 10*i. Let z = 167 - i. Is z a composite number?
False
Is (-28 + -3)*(-4 + 3) composite?
False
Suppose 0 = -q - 4*q + 5. Let d = q + 7. Is ((-74)/d)/((-6)/24) prime?
True
Let d(y) = -y + 3*y**2 + 1 - y + 3*y + 4*y. Suppose -3*c + 2*p - 28 = 0, 4*c - 33 = 7*c - 3*p. Is d(c) a prime number?
True
Let t be 4/3 - (-26)/39. Suppose 0 = 3*k + t*o - 357, -5*k + 2*o = -2*k - 369. Is k prime?
False
Suppose 0*t = 4*t + 132. Suppose -2*a + 4 = 2, -2*s = 5*a - 177. Let x = s + t. Is x prime?
True
Suppose 0 = 2*p + 54 + 50. Let x = -127 + 216. Let v = x + p. Is v a prime number?
True
Let p be ((-1)/(-2))/(9/(-756)). Let q = p - -88. Is q a prime number?
False
Let a = 3569 - 1470. Is a composite?
False
Suppose 2*x + 20 = 6*x. Let j be 1916/6 + (-2)/6. Suppose -24 + j = x*l. Is l prime?
True
Suppose -24*n + 10577 = -17*n. Is n a composite number?
False
Suppose 4*j - 1344 = -y, -3*y - 641 = 5*j - 2314. Is j a composite number?
False
Suppose 10 + 2 = 4*y. Suppose -6*a = -y*a - 147. Is a prime?
False
Suppose -4*g - k = -618, -g + 2*g = -3*k + 160. Let b = g + -99. Is b a composite number?
True
Suppose b - 3*b + 5*m + 1029 = 0, 3*b + 4*m - 1555 = 0. Is b a prime number?
False
Is 1460/(-2)*(-12)/24 composite?
True
Let i(k) = 6*k**2 + 11*k + 13. Let h be i(-9). Suppose 8*g = 4*g + h. Suppose 4*c = g + 72. Is c a prime number?
True
Suppose -5*v = -v - 1172. Is v a composite number?
False
Suppose -4*m + 462 = -250. Is m prime?
False
Let o be 32/6 - 1/3. Suppose -o*h = 5*k + 6 - 41, -3*k + 2*h + 1 = 0. Suppose 5*r = k*b + 470, 0 = -r + 2*r - 5*b - 116. Is r a prime number?
False
Suppose v - 273 = 4*v + 5*o, 15 = 5*o. Let r = 155 + v. Is r a prime number?
True
Let s(u) = u**2 - 2. Let v(b) = b + 2. Let f be v(-4). Let n be s(f). Suppose m - 159 = -n*m. Is m prime?
True
Suppose 0 = -2*y + 2*h + 176, 5*y - 296 - 151 = -2*h. Is y a composite number?
False
Let y be 3 - 4 - 106/2. Suppose 3*q = -q + 304. Let a = y + q. Is a composite?
True
Let u(z) = z**3 - 5*z**2 + 2*z - 6. Let r be u(5). Suppose 0*l = r*l - 308. Is l a composite number?
True
Let j = -273 + 531. Suppose -2*x - 2 = -2*w - 4, -4*w - 4*x + 20 = 0. Suppose -w*r + j = r. Is r a composite number?
True
Let s(f) = f**3 - 5*f**2 + f - 2. Let c be s(5). Let l(m) = 4*m**2 - 19*m**3 + 111*m**c - 5*m**2. Is l(1) a composite number?
True
Suppose -2 = 2*c - 4*c. Is (-33 + 4)*c*-3 prime?
False
Let w = 7 - -24. Is w composite?
False
Let d(x) = -53*x - 21. Is d(-4) prime?
True
Suppose 2*n + 26 = 8. Let u(r) = -5*r - 8. Let m be u(n). Let k = 56 - m. Is k a composite number?
False
Suppose 0 = -4*t + 4*b + 27 + 13, 0 = -2*b - 8. Suppose -5*x - t = -2*x. Is (21/x)/((-3)/4) a prime number?
False
Let i(u) be the third derivative of 0*u**3 + 0*u + 0 + 53/60*u**5 + 0*u**4 + 3*u**2. Is i(-1) prime?
True
Let v(k) = 5*k**3 - 2*k - 7. Is v(6) a composite number?
False
Suppose 5*m + 0*m - 10 = 0. Suppose p = m*g - 13, 11 = g + 3*p - 6. Let i = g + 5. Is i a prime number?
True
Suppose -1 = -4*l + 5*t + 58, 0 = -4*l + 3*t + 69. Is l prime?
False
Is (-10 + -1608)*(-14)/4 prime?
False
Let y be 0 - (1 + -2 + 1). Suppose -2*m + y*m + 154 = 0. Is m composite?
True
Suppose -335 = 4*s + m, -4*s - 338 = -m + 3*m. Let k = s + -141. Let q = k - -321. Is q a prime number?
True
Let z be (-13 + -1)*(-6 - -5). Let g be 5*(-5)/((-25)/(-6)). Is 178/z + g/(-21) a composite number?
False
Let b(m) = 51*m**2 + 6*m - 29. Is b(6) a prime number?
False
Let t = -2661 - -4574. Is t prime?
True
Is (((-2846)/(-4))/(-1))/((-32)/64) composite?
False
Let a = 33 - 17. Let t(g) = 91*g**3 + g**2 - g. Let l be t(1). Suppose -5*z - a = -l. Is z prime?
False
Let j(v) = 2*v**3 - 9*v**2 - 7*v + 17. Let k(l) = l**3 - 4*l**2 - 3*l + 9. Let b(u) = -4*j(u) + 9*k(u). Is b(0) prime?
True
Let i(c) be the third derivative of 55*c**4/24 - c**3 - 3*c**2. Is i(5) composite?
False
Let l = -104 + 243. Is l a prime number?
True
Let i(f) = -f - 7. Let q be i(-7). Suppose q = -2*l + 5*l - 9. Is l*((-33)/(-1))/3 prime?
False
Suppose -f + 3*f = 1146. Suppose -f = r - 4*r. Suppose -r = -5*i - 16. Is i prime?
False
Let d(z) = -z + 77. Suppose -3*j = -t + 9, -j - 25 = 3*t + 3*j. Let c = t - -3. Is d(c) prime?
False
Let p(u) = 3*u - 2. Let x(f) = 8*f**2 + 2*f + 1. Let d be x(-1). Is p(d) composite?
False
Suppose 0 = 3*w - k - 293, 3*w - 296 = -3*k - 11. Is w composite?
False
Suppose 8 + 0 = u. Let p = u - 6. Suppose p*n = 63 + 85. Is n composite?
True
Suppose 4*i - 151 - 357 = 0. Is i composite?
False
Suppose -249 = -4*c + 1027. Is c a composite number?
True
Suppose -2*j = -4*j - 4*v - 1380, -j + 3*v = 685. Let o = 380 + j. Is 2/(-5) - o/20 a prime number?
False
Suppose 2*p = -c - 2*c + 779, 0 = -3*c + 3*p + 804. Is c prime?
True
Suppose -h - 414 = -4*h. Suppose 2*i = -5*n - h + 421, 0 = -i - n + 146. Is i composite?
False
Suppose 3*a - 131 = 2*a. Is a a composite number?
False
Let u = 22 - -33. Suppose 0*l + u = l. Is l composite?
True
Let a(d) = -d**3 - 6*d**2 + 4*d + 6. Let o be a(-5). Let u = -5 - o. Is u a composite number?
True
Let p be (-4)/((-1)/2*4). Suppose -w + 105 = -4*b, -p*b + b + 2 = 0. Is w prime?
True
Let b(d) = d**3 + 16*d**2 - 2*d - 12. Is b(-13) a prime number?
True
Let f(y) = 56*y**2 - 14*y - 5. Is f(-3) a composite number?
False
Suppose f + 2*f = 24. Is (614/8)/(2/f) a composite number?
False
Suppose 2006 = 2*u + 4*q, 0*u - 3*q + 1000 = u. Is u prime?
True
Let z(o) = o**2 - 8*o - 9. Let t = -11 + 20. Let h be z(t). Suppose h = 4*x - v - 272, x + 205 = 4*x - v. Is x a composite number?
False
Suppose 0 = -3*l + 5*l - 8. Suppose j + 79 = 2*j + 5*c, 295 = l*j - c. Is j a prime number?
False
Let n = -3 + 8. Suppose p = 5*z + 2285, 0*p - 5*p = -n*z - 2265. Is z/(-10) + (-1)/(-5) composite?
True
Suppose 3*x - 7744 = -4*l - x, 3*l - 5798 = -x. Is l a prime number?
True
Suppose 0 = -z - 3, 2665 = k - 2*z + 774. Suppose -f + k = 4*f. Is f a prime number?
False
Let k(s) be the second derivative of -9*s**5/20 + s**4/3 + s**3/3 - s**2/2 - 3*s. Is k(-2) composite?
False
Suppose -4*s = -5*h - 3771, 0 = h - 4*h - 9. Is s a composite number?
True
Let q(n) = -n**3 + 10*n**2 - 9 + 2*n**3 + 3*n**3 - 3*n**3 - 9*n. Is q(-8) composite?
False
Let q = -10 + 11. Is (2/6)/(q/93) prime?
True
Suppose x - 4*j = 827, 0 = -9*x + 4*x - 2*j + 4069. Is x a prime number?
False
Let s be -10 - ((-3 - 0) + 1). Let v be s/(-6) + (-2)/(-3). Suppose -2*m + 4*j + 24 = 0, m = -v*m + 4*j + 30. Is m composite?
True
Let t = 26 - 20. Is 8/10*285/t prime?
False
Let f = 77 + 476. Is f prime?
False
Let l be 10 - (1 - 1/(-1)). Let p = -7 + 12. Suppose p = -c + l. Is c a prime number?
True
Suppose -3*u + 0*k = -4*k - 121, 4*k = -u + 51. Is u a prime number?
True
Is -3 + (-32)/12*(-2766)/8 prime?
True
Let y(u) = 29*u**2 - 2*u + 11. Is y(6) prime?
False
Let y = -176 + 340. Suppose 5*x = x + y. Let l = x - 7. Is l composite?
True
Suppose t + 2*t = 4*k - 6634, 4*t + 4979 = 3*k. Is k prime?
True
Let r(d) = 47*d + 29. Is r(10) prime?
True
Let t(n) = 3 - 3*n**3 - 5*n**2 + 2*n**3 + 3*n - 7*n. Let r be t(-4). Suppose -d - 39 = -5*h + 51, r*d + 80 = 5*h. Is h a composite number?
False
Is ((-1)/2)/(12/(-46344)) composite?
False
Let n = 306 - -1595. Is n a composite number?
False
Suppose -38065 = -15*c - 8470. Is c a prime number?
True
Suppose 0 = 4*m - 12. Let a be m + 0 - (-7 + 5). Suppose -3*x = -2*o - 217, 0*o - o = a. Is x a composite number?
True
Suppose c + 3*c = 3460. Is c a prime number?
False
Let f = -2044 + 3105. Is f composite?
False
Suppose -2*d = -4*t + 658, -2*d + d = -3*t + 491. Let i = t + -19. Is i a prime number?
False
Let x = 3 + 3. Suppose -2*y + x*y - 332 = 0. Is y prime?
True
Let j = -106 + 937. Is j a composite number?
True
Suppose -3*g - 4*o = 79, 5*g - 5*o + 51 = -69. Let n = -17 - g. Is (-64)/(-3) - n/(-12) composite?
True
Suppose j = -0*j. Let v = j - -1. Let l(a) = 26*a**3 - 2*a**2 + a. Is l(v) prime?
False
Let h be (-1 - (-1 + -4))/2. Suppose -h*r = -3*m + 106, 0 = m - 2*r - 6 - 32. Suppose 5*a = 2*q - m, 3*a = -3*q + 7*a + 58. Is q composite?
True
Suppose 66 + 38 = z + 5*m, -4*m = 12. Is z a prime number?
False
Let b = -915 + 1577. Is b prime?
False
Let c = 13 + -7. Let v(s) = -3*s + 3 + s**2 + c*s + 2*s. Is v(4) a prime number